{"id":1243,"date":"2022-04-05T17:01:25","date_gmt":"2022-04-05T17:01:25","guid":{"rendered":"https:\/\/modinatheme.com\/transland\/?page_id=1243"},"modified":"2024-07-07T10:36:55","modified_gmt":"2024-07-07T10:36:55","slug":"hakkimizda","status":"publish","type":"page","link":"https:\/\/cinarmetalsanayi.com\/index.php\/hakkimizda\/","title":{"rendered":"Hakk\u0131m\u0131zda"},"content":{"rendered":"\t\t<div data-elementor-type=\"wp-page\" data-elementor-id=\"1243\" class=\"elementor elementor-1243\">\n\t\t\t\t<div class=\"elementor-element elementor-element-8565ab0 e-flex e-con-boxed e-con e-parent\" data-id=\"8565ab0\" data-element_type=\"container\">\n\t\t\t\t\t<div class=\"e-con-inner\">\n\t\t<div class=\"elementor-element elementor-element-f3f0473 e-flex e-con-boxed e-con e-child\" data-id=\"f3f0473\" data-element_type=\"container\">\n\t\t\t\t\t<div class=\"e-con-inner\">\n\t\t\t\t<div class=\"elementor-element elementor-element-dd73a09 elementor-widget elementor-widget-image\" data-id=\"dd73a09\" data-element_type=\"widget\" data-widget_type=\"image.default\">\n\t\t\t\t<div class=\"elementor-widget-container\">\n\t\t\t\t\t\t\t\t\t\t\t\t\t\t\t<img fetchpriority=\"high\" decoding=\"async\" width=\"1024\" height=\"568\" src=\"https:\/\/cinarmetalsanayi.com\/wp-content\/uploads\/2024\/07\/hakkimizda-1-1024x568.jpg\" class=\"attachment-large size-large wp-image-3512\" alt=\"\" srcset=\"https:\/\/cinarmetalsanayi.com\/wp-content\/uploads\/2024\/07\/hakkimizda-1-1024x568.jpg 1024w, https:\/\/cinarmetalsanayi.com\/wp-content\/uploads\/2024\/07\/hakkimizda-1-300x166.jpg 300w, https:\/\/cinarmetalsanayi.com\/wp-content\/uploads\/2024\/07\/hakkimizda-1-768x426.jpg 768w, https:\/\/cinarmetalsanayi.com\/wp-content\/uploads\/2024\/07\/hakkimizda-1-1536x852.jpg 1536w, https:\/\/cinarmetalsanayi.com\/wp-content\/uploads\/2024\/07\/hakkimizda-1-2048x1135.jpg 2048w\" sizes=\"(max-width: 1024px) 100vw, 1024px\" \/>\t\t\t\t\t\t\t\t\t\t\t\t\t\t\t<\/div>\n\t\t\t\t<\/div>\n\t\t\t\t\t<\/div>\n\t\t\t\t<\/div>\n\t\t<div class=\"elementor-element elementor-element-32a3899 e-flex e-con-boxed e-con e-child\" data-id=\"32a3899\" data-element_type=\"container\">\n\t\t\t\t\t<div class=\"e-con-inner\">\n\t\t\t\t<div class=\"elementor-element elementor-element-2f38d9b elementor-widget elementor-widget-text-editor\" data-id=\"2f38d9b\" data-element_type=\"widget\" data-widget_type=\"text-editor.default\">\n\t\t\t\t<div class=\"elementor-widget-container\">\n\t\t\t\t\t\t\t\t\t<p>2024 y\u0131l\u0131nda kurulan \u00c7\u0131nar Metal, \u00fcretim s\u00fcre\u00e7lerindeki geni\u015f deneyimimiz ve uzmanl\u0131\u011f\u0131m\u0131zla sekt\u00f6re yenilik\u00e7i \u00e7\u00f6z\u00fcmler sunma hedefiyle yola \u00e7\u0131km\u0131\u015ft\u0131r. Kurulu\u015f \u00f6ncesinde farkl\u0131 \u00fcretim firmalar\u0131nda Ar-Ge ve \u00fcretim ekipleriyle birlikte \u00e7al\u0131\u015farak edindi\u011fimiz bilgi birikimi ve tecr\u00fcbeyi, \u00c7\u0131nar Metal markam\u0131z alt\u0131nda birle\u015ftirdik.<\/p><p>\u00c7\u0131nar Metal olarak, katlan\u0131r oluk ve ilave oluk \u00fcretimi konusundaki uzmanl\u0131\u011f\u0131m\u0131zla m\u00fc\u015fterilerimize y\u00fcksek kaliteli ve g\u00fcvenilir \u00fcr\u00fcnler sunmaktay\u0131z. Ayr\u0131ca fason kaynak i\u015fleri alan\u0131nda sundu\u011fumuz \u00e7\u00f6z\u00fcmlerle de sekt\u00f6rdeki farkl\u0131 ihtiya\u00e7lara etkin ve verimli yan\u0131tlar veriyoruz.<\/p><p>Yak\u0131n gelecekte ya\u011f tank\u0131 \u00fcretimine de ba\u015flayarak \u00fcr\u00fcn yelpazemizi geni\u015fletmeyi planl\u0131yoruz. \u00c7\u0131nar Metal, her zaman m\u00fc\u015fteri memnuniyetini ve kaliteyi \u00f6n planda tutarak, sekt\u00f6rde \u00f6nc\u00fc ve g\u00fcvenilir bir marka olma yolunda ilerlemektedir.<\/p><p>Siz de\u011ferli m\u00fc\u015fterilerimize, y\u00fcksek kalite standartlar\u0131nda ve yenilik\u00e7i \u00e7\u00f6z\u00fcmler sunmak i\u00e7in \u00e7al\u0131\u015fmaya devam ediyoruz.<\/p>\t\t\t\t\t\t\t\t<\/div>\n\t\t\t\t<\/div>\n\t\t\t\t\t<\/div>\n\t\t\t\t<\/div>\n\t\t\t\t\t<\/div>\n\t\t\t\t<\/div>\n\t\t<div class=\"elementor-element elementor-element-e5b1e65 e-flex e-con-boxed e-con e-parent\" data-id=\"e5b1e65\" data-element_type=\"container\">\n\t\t\t\t\t<div class=\"e-con-inner\">\n\t\t\t\t\t<\/div>\n\t\t\t\t<\/div>\n\t\t\t\t<\/div>\n\t\t","protected":false},"excerpt":{"rendered":"<p>2024 y\u0131l\u0131nda kurulan \u00c7\u0131nar Metal, \u00fcretim s\u00fcre\u00e7lerindeki geni\u015f deneyimimiz ve uzmanl\u0131\u011f\u0131m\u0131zla sekt\u00f6re yenilik\u00e7i \u00e7\u00f6z\u00fcmler sunma hedefiyle yola \u00e7\u0131km\u0131\u015ft\u0131r. Kurulu\u015f \u00f6ncesinde farkl\u0131 \u00fcretim firmalar\u0131nda Ar-Ge ve \u00fcretim ekipleriyle birlikte \u00e7al\u0131\u015farak edindi\u011fimiz bilgi birikimi ve tecr\u00fcbeyi, \u00c7\u0131nar Metal markam\u0131z alt\u0131nda birle\u015ftirdik. \u00c7\u0131nar Metal olarak, katlan\u0131r oluk ve ilave oluk \u00fcretimi konusundaki uzmanl\u0131\u011f\u0131m\u0131zla m\u00fc\u015fterilerimize y\u00fcksek kaliteli ve g\u00fcvenilir [&hellip;]<\/p>\n","protected":false},"author":1,"featured_media":0,"parent":0,"menu_order":0,"comment_status":"closed","ping_status":"closed","template":"elementor_header_footer","meta":{"om_disable_all_campaigns":false,"_monsterinsights_skip_tracking":false,"_monsterinsights_sitenote_active":false,"_monsterinsights_sitenote_note":"","_monsterinsights_sitenote_category":0,"footnotes":""},"class_list":["post-1243","page","type-page","status-publish","hentry"],"acf":[],"aioseo_notices":[],"_links":{"self":[{"href":"https:\/\/cinarmetalsanayi.com\/index.php\/wp-json\/wp\/v2\/pages\/1243","targetHints":{"allow":["GET"]}}],"collection":[{"href":"https:\/\/cinarmetalsanayi.com\/index.php\/wp-json\/wp\/v2\/pages"}],"about":[{"href":"https:\/\/cinarmetalsanayi.com\/index.php\/wp-json\/wp\/v2\/types\/page"}],"author":[{"embeddable":true,"href":"https:\/\/cinarmetalsanayi.com\/index.php\/wp-json\/wp\/v2\/users\/1"}],"replies":[{"embeddable":true,"href":"https:\/\/cinarmetalsanayi.com\/index.php\/wp-json\/wp\/v2\/comments?post=1243"}],"version-history":[{"count":34,"href":"https:\/\/cinarmetalsanayi.com\/index.php\/wp-json\/wp\/v2\/pages\/1243\/revisions"}],"predecessor-version":[{"id":3630,"href":"https:\/\/cinarmetalsanayi.com\/index.php\/wp-json\/wp\/v2\/pages\/1243\/revisions\/3630"}],"wp:attachment":[{"href":"https:\/\/cinarmetalsanayi.com\/index.php\/wp-json\/wp\/v2\/media?parent=1243"}],"curies":[{"name":"wp","href":"https:\/\/api.w.org\/{rel}","templated":true}]}}